 k(n) = 27*n**2 + 35*n + 139. Is k(-33) a composite number?
False
Let i(p) = -p**3 - 5*p**2 + 7*p + 4. Let n be i(-6). Let l be 1*(-2 - (n + 0)). Suppose l = a - 1, 0 = 2*k - 4*a - a - 153. Is k a composite number?
False
Let d(b) = 4*b - 24. Let c be d(7). Suppose 0 = 2*i - 8, -5*i = c*s - i - 2508. Is s prime?
False
Let o(f) = -1958*f**3 - 3*f**2 - 8*f - 9. Is o(-2) composite?
True
Let u(v) = 480*v**2 + 3*v - 7. Is u(6) a composite number?
False
Suppose -56*t + 9058 = -52598. Is t a prime number?
False
Suppose -5*q + 35211 = c + 2*c, -35207 = -5*q - c. Is q a composite number?
True
Let l(u) = u**2 + u - 456. Let z(n) = -2*n**2 - 2*n + 911. Let b(w) = 11*l(w) + 6*z(w). Let q be b(0). Let h = q - 233. Is h a prime number?
False
Suppose -4*s - 61 = -1673. Suppose -2*m = -f + 358, s = 3*f - m - 671. Is f a composite number?
True
Let x(b) = 111*b**2 + 8*b - 61. Is x(12) a prime number?
False
Let o(s) = 113*s + 5 - 4 + 0 + 6. Let z be o(5). Is (-1)/(3 - z/190) prime?
False
Suppose -2*s = -s + 13. Let q = s + 11. Is 35 - (0 + (q - -2)) a composite number?
True
Suppose -m + 296 = -324. Suppose 0 = 5*i - 2*f + 1027, -m = 3*i + 2*f - 7*f. Is (64/80)/((-2)/i) composite?
True
Let r = 252 - 252. Let y(k) = -2 + 46 + 45 - k. Is y(r) composite?
False
Suppose -146 - 14075 = -t. Is t prime?
True
Let g(z) = 2*z + 20. Let m be g(-5). Let s(u) = u**3 - 14*u**2 + 9*u - 9. Let x(r) = r**2. Let l(p) = -s(p) - 2*x(p). Is l(m) a prime number?
False
Let j = 79 + -54. Suppose 2*f - j = -121. Let m = f + 85. Is m a composite number?
False
Suppose -343*c + 336*c = -150031. Is c a composite number?
False
Suppose 4 = -2*c + c, -4*c + 6569 = -3*z. Let l = 3668 + z. Is l a prime number?
False
Let t(n) = 24*n**2 + 7*n - 5. Suppose 3*u - 4 - 8 = 0. Is t(u) a prime number?
False
Suppose -12 = -6*q + 12. Let l be (214/q)/(9/(-18)). Let y = 51 - l. Is y a prime number?
False
Suppose 3*i - 6*i = -4*o + 25, 5*o + i - 17 = 0. Suppose -o*m - 110 = -9*m. Is m a composite number?
True
Let l(g) = -13*g**3 - 17*g**2 - 12*g - 17. Let s(j) = 7*j**3 + 9*j**2 + 6*j + 8. Let a(w) = 3*l(w) + 5*s(w). Is a(-7) a composite number?
False
Let c(f) = 3*f**2 + 5*f - 13. Let b be c(-9). Suppose 77 = r - b. Is r a prime number?
False
Let d be (-1 - (-4)/(-2))*(-1012)/6. Suppose 2*v - t - d = -0*v, -486 = -2*v - 4*t. Is v composite?
False
Suppose 0 = -2*f + 6, 3*n = 3*f + 2*f + 9594. Is n prime?
True
Let v be -4 - (1 + -2 - (-1 - -1)). Suppose -4*p + 2*p = -56. Let n = v + p. Is n composite?
True
Let p = 32 + -29. Suppose p*t + 0*t = 1923. Is t a prime number?
True
Let f be 5/(-2)*(-17 - -15). Suppose -4*l + 1079 = -5*u - 2084, -3944 = -f*l + 3*u. Is l a composite number?
False
Suppose -2*l + 7 + 1 = 2*r, 2*r + 12 = 3*l. Suppose 512 = l*k - 1076. Is k composite?
False
Let h(f) = -f**3 + 7*f**2 + 11*f + 3. Let p be h(8). Let x = 38 + p. Is x a composite number?
True
Suppose 54*g - 28536 = 30*g. Is g prime?
False
Let t = -3125 + 7114. Is t a composite number?
False
Let c(r) = -138*r - 215. Is c(-32) composite?
False
Suppose 866 = -4*t + 2710. Let m be 2/4*6 + (-7 - -8). Suppose 2*n = -m, x + t = 2*x + 4*n. Is x a composite number?
True
Let r be ((-118)/(-8))/((-1)/12). Let x be (-1)/(-2) - r/6. Let m = x + 25. Is m composite?
True
Let u be 3 - 5/(15/(-1818)). Suppose -2*d + u = -s, d - 6*d - s + 1540 = 0. Is d a composite number?
False
Let l(a) = -399*a + 41. Is l(-8) composite?
True
Suppose 0 = b - 5*b + 24. Let y = -2 + b. Suppose 3*w + 3*x = 282, 376 = y*w - 5*x + 3*x. Is w composite?
True
Let g(p) = p**3 - 6*p**2 - 7*p + 2. Let b be g(7). Suppose 5*a - 1265 = 3*o, -506 = -2*a - b*o - 0*o. Is a a prime number?
False
Let w(q) be the second derivative of -13/6*q**3 + 3*q**2 + 0 + 5*q. Is w(-7) a prime number?
True
Let m = 21355 + -3242. Is m a prime number?
False
Let i = 94337 + -13866. Is i composite?
False
Suppose -16 = -4*h, 0*z = 3*z - h - 11. Suppose x + z*o - 608 = 570, o - 3576 = -3*x. Is x prime?
True
Let z(l) = l**3 - 2*l**2 + l + 3. Suppose 0 = -2*h + 4 + 6. Suppose -4*f - h*m + 25 = 0, -4*f - 2*m + 8 + 14 = 0. Is z(f) composite?
False
Let z = -12 + 8. Let u be z*(2 - 20/8). Suppose 1511 = 4*p - u*m + m, -3*p + m + 1134 = 0. Is p composite?
True
Let i(t) = t**2 - 6*t + 5. Let l be i(6). Suppose -3*k - l*f = -6*k + 24, -4*f = -12. Let n = 181 + k. Is n prime?
False
Suppose -5*d - 4*s + 22 = 0, -s - 4 = -d - 5. Suppose -j - j - d = 0, 0 = -2*g + 5*j + 417. Let q = g + -79. Is q a composite number?
False
Let c(z) = 18*z**2 + 28*z**3 + 0 - 17*z**2 + 9. Is c(4) composite?
True
Let w = -6 - -9. Let p = 60 + -66. Is w/(-9) - 728/p prime?
False
Suppose -4*s + 2366 = -5*c, 3*c + 4*s + 952 = c. Let w = 1457 - c. Is w a composite number?
False
Suppose h + 3*o - 18 = -o, o - 21 = -3*h. Suppose 1320 + 18 = h*y. Is y a composite number?
False
Suppose 2*r - 4*r = -116. Suppose -2*v + 23 = -7. Let s = r - v. Is s prime?
True
Suppose -17*s = -15*s - 9094. Is s composite?
False
Let r(p) be the second derivative of p**4/6 + 9*p**3/2 - 23*p**2 - 52*p. Is r(17) prime?
True
Let l(t) = -7*t**3 - 6*t**2 - 8*t + 2. Let v be l(-3). Suppose 5*r + 876 = -4*a + 2611, 0 = -r + 2*a + 347. Suppose -r = -4*h + v. Is h a composite number?
False
Is 3 - 2366*(0 + -10) a prime number?
True
Suppose y - 7 = -2. Suppose 4*f - y*q = 1, -5*q + 35 = 3*f + 2*f. Suppose -f = -38*g + 36*g. Is g composite?
False
Suppose 0 = -3*h - 4*o + 21261, -8*o + 7103 = h - 12*o. Is h prime?
False
Let h = -24093 + 36042. Suppose -3*x + 432 = -h. Is x a composite number?
False
Is 23/(-23)*(-1 - 5701) a prime number?
False
Let u(z) = -125*z + 6. Let r be u(-4). Suppose -h + 581 = -r. Is h a composite number?
False
Let n(o) = 52*o - 3. Let w(y) = 1. Let s(d) = n(d) + 6*w(d). Is s(3) a composite number?
True
Suppose -8278 = -2*t - 0*t. Is t a prime number?
True
Suppose -4097 = -2*y + w, -7*y = -2*y + 5*w - 10280. Is y prime?
False
Let r(b) = 541*b**3 + 2*b**2 - 2*b - 5. Is r(2) composite?
False
Let s(w) = 5*w**2 + 16*w - 10. Let i be s(-18). Let m = i + -925. Is m prime?
True
Is (2 - 4)*(-427)/(-14)*-7 prime?
False
Suppose -858 = 6*o + 1338. Let b = -59 - o. Is b a prime number?
True
Suppose 0 = -110*f + 109*f + i + 54363, -4*i + 217436 = 4*f. Is f composite?
False
Let y = -3647 - -12576. Is y a composite number?
False
Let t be 4*-1 - (-12 + 3). Suppose 3*q - f - 2106 = 0, t*f + 13 + 2 = 0. Is q composite?
False
Let b(x) = x + 1. Let z(g) = -10*g - 6. Let l(y) = -9*y - 6. Let n(i) = 4*l(i) - 5*z(i). Let w(q) = 3*b(q) - n(q). Is w(-2) prime?
True
Let d(x) = 14*x - 7 + 139*x**2 - 19*x + 4*x + 20*x. Is d(5) prime?
False
Let f(v) = 2*v**2 + 30*v - 133. Is f(-30) a prime number?
False
Suppose 0 = -t + 5*b - 22 + 6, -4*t = -5*b + 4. Suppose 0 = 5*x + 3*v - 364, 5*x - v = t*v + 380. Is x a prime number?
False
Let w = 21 - 22. Let i be w/3 + 3518/6. Suppose -z + i = -0*u + 3*u, 0 = -4*u + z + 772. Is u a prime number?
False
Let w(h) = h**2 - 6*h + 10. Let q be w(5). Suppose 0 = q*t - 7*t + 8. Is (-104)/(-18) - t/(-18) a prime number?
False
Let s(o) = o**2 + 36*o + 42*o - 6 + 17 - 80*o. Suppose -2*i + 35 + 19 = -5*a, 5*i = a + 20. Is s(a) a composite number?
False
Suppose 3*g - d = 594, -6*d = 2*g - 3*d - 396. Let z(u) = 7*u**2 - 5*u + 1. Let h be z(-4). Let a = g - h. Is a a composite number?
True
Suppose 0 = v - 5*y + 1274, 5*y - 2596 = 4*v + 2500. Let t = -535 - v. Is t prime?
True
Let w = 3312 - 1446. Suppose 16*t = 10*t + w. Is t a prime number?
True
Let f be ((-2097)/6 + 2)*-2. Let q be 8/(-6 - -3 - -5). Suppose -q*j + f = j. Is j a prime number?
True
Suppose -2*t - 46218 = -2*h, 0*h - 3*t = 3*h - 69315. Is h composite?
True
Let k(q) = -5*q**3 - 4*q**2 + 5*q - 12. Let o(a) = a**3 - a + 1. Let t(l) = k(l) - o(l). Is t(-6) a composite number?
False
Let z = 2621 - 1086. Is z composite?
True
Suppose 0 = 3*y - 8247 - 1134. Is y prime?
False
Let u = -55 + 59. Is 1/(4/(-202))*(u + -14) composite?
True
Suppose b + 16 = 4*y - 3*b, 0 = -3*y - b - 4. Suppose y = -c + 1453 + 1426. Is c a composite number?
False
Let p(l) = -l**3 - 9*l**2 + 20*l - 11. Let y be p(-11). Suppose -530 = -y*g + 9*g. Is g composite?
True
Suppose 4*g = 2*x + 17902, -4*g = -6*g - 3*x + 8947. Let u = -1286 + g. Is u a prime number?
False
Let m(x) = -10*x**2 + 12*x + 8 - 6 + x**3 + 9. Let p be m